{"id":1092,"date":"2017-07-12T14:20:00","date_gmt":"2017-07-12T14:20:00","guid":{"rendered":"http:\/\/test.steinzeit-ucki.de\/?page_id=159"},"modified":"2017-07-12T14:20:00","modified_gmt":"2017-07-12T14:20:00","slug":"nadrukiem","status":"publish","type":"page","link":"https:\/\/www.gross-fredenwalde.de\/?page_id=1092&lang=pl","title":{"rendered":"Nadrukiem"},"content":{"rendered":"<div id=\"fix1\">\n<div id=\"fix2\">\n<div id=\"main_float\">\n<div id=\"middle\">\n<div id=\"content\">\n<table style=\"height: 5px;\" width=\"459\" cellspacing=\"0\" cellpadding=\"0\" border=\"0\">\n<tbody>\n<tr>\n<td width=\"30%\" valign=\"top\">\u00a0<\/td>\n<\/tr>\n<\/tbody>\n<\/table>\n<div>\n<p>D. &amp; U. Fugger<\/p>\n<\/div>\n<div>Miejsce Gro\u00df Fredenwalde 32a<\/div>\n<div>17268 Gerswalde<\/div>\n<div>Kontakt: tel.: 039887\/697730<\/div>\n<div>\n<p>E-mail: Willkommen@gross-fredenwalde.de<\/p>\n<p>Odpowiedzialny za zawarto\u015b\u0107 zgodnie z \u00a7 55 ABS. 2, RStV:<\/p>\n<p>D. Fugger<\/p>\n<\/div>\n<div>Miejsce Gro\u00df Fredenwalde 32a<\/div>\n<div>17268 Gerswalde<\/div>\n<div>Tel.: 039887\/6967730<\/div>\n<div>\n<p>\u00a0<\/p>\n<p><strong>Zastrze\u017cenie<\/strong><\/p>\n<p>Odpowiedzialno\u015b\u0107 za tre\u015b\u0107 jako dostawc\u0119 us\u0142ug jeste\u015bmy odpowiedzialni zgodnie z \u00a7 7 pkt 1 TMG za nasz\u0105 w\u0142asn\u0105 tre\u015b\u0107 na tych stronach zgodnie z og\u00f3lnymi przepisami. Zgodnie z \u00a7 \u00a7 8 do 10 TMG, my, jako dostawca us\u0142ug, nie s\u0105 zobowi\u0105zane do monitorowania przekazywanych lub przechowywanych informacji zagranicznych lub do zbadania okoliczno\u015bci, kt\u00f3re wskazuj\u0105 na nielegaln\u0105 dzia\u0142alno\u015b\u0107. Zobowi\u0105zania do usuni\u0119cia lub zablokowania korzystania z informacji zgodnie z og\u00f3lnymi przepisami pozostaj\u0105 nienaruszone. Odpowiedzialno\u015b\u0107 w tym zakresie jest jednak mo\u017cliwa tylko od momentu poznania konkretnego naruszenia. Usuniemy t\u0119 zawarto\u015b\u0107 natychmiast po uzyskaniu \u015bwiadomego istnienia takich narusze\u0144.<\/p>\n<p><strong>Odpowiedzialno\u015b\u0107 za linki<\/strong><\/p>\n<p>Nasza oferta zawiera linki do zewn\u0119trznych stron internetowych os\u00f3b trzecich, na kt\u00f3rych tre\u015b\u0107 nie mamy wp\u0142ywu. Dlatego nie ponosimy odpowiedzialno\u015bci za te tre\u015bci zewn\u0119trzne. Odpowiedni dostawca lub operator stron jest zawsze odpowiedzialny za tre\u015b\u0107 stron po\u0142\u0105czonych. Po\u0142\u0105czone strony zosta\u0142y sprawdzone pod k\u0105tem ewentualnych narusze\u0144 prawa w momencie \u0142\u0105czenia. Nielegalne tre\u015bci nie by\u0142y rozpoznawalne w momencie \u0142\u0105czenia. Jednak Permanentna kontrola tre\u015bci stron powi\u0105zanych nie jest uzasadniona bez konkretnych dowod\u00f3w na naruszenie prawa. Natychmiast usuniemy takie linki, gdy dowiemy si\u0119 o naruszeniu.<\/p>\n<p><strong>Prawa autorskie<\/strong><\/p>\n<p>Tre\u015bci i prace stworzone przez operator\u00f3w witryn na tych stronach podlegaj\u0105 niemieckiemu prawu autorskiemu. Powielanie, przetwarzanie, dystrybucja i wszelkiego rodzaju eksploatacja poza granicami prawa autorskiego wymaga pisemnej zgody danego autora lub Tw\u00f3rca. Pliki do pobrania i kopie tej strony s\u0105 dozwolone wy\u0142\u0105cznie do u\u017cytku prywatnego, niekomercyjnego. Je\u015bli chodzi o tre\u015bci na tej stronie nie zosta\u0142 stworzony przez operatora, prawa autorskie os\u00f3b trzecich s\u0105 przestrzegane. W szczeg\u00f3lno\u015bci, tre\u015b\u0107 stron trzecich jest oznaczona jako taka. Je\u015bli jednak dowiedziesz si\u0119 o naruszeniu praw autorskich, prosimy o stosowne zawiadomienie. Niezw\u0142ocznie usuniemy takie tre\u015bci, je\u015bli dowiemy si\u0119 o jakimkolwiek naruszeniu.<\/p>\n<\/div>\n<\/div>\n<h2>O\u015bwiadczenie o ochronie danych zgodnie z DSGVO UE<\/h2>\n<h2>Indeks<\/h2>\n<ol>\n<li>Przegl\u0105d<br \/>\n2. Imi\u0119 i nazwisko oraz dane kontaktowe administratora i inspektora ochrony danych firmy<br \/>\n3rd. cel\u00f3w przetwarzania danych, podstaw prawnych i uzasadnionych interes\u00f3w wobec strony trzeciej oraz kategorii beneficjent\u00f3w<br \/>\n3,1. dost\u0119p do naszych stron internetowych<br \/>\n3,2. zawarcie, wykonanie lub rozwi\u0105zanie umowy<br \/>\n3,3. Przetwarzanie danych w celach reklamowych<br \/>\n3,4. Obecno\u015b\u0107 online i optymalizacja strony internetowej<br \/>\n3,5. Inne us\u0142ugi<br \/>\n4th. Przesy\u0142anie danych do odbiorc\u00f3w spoza UE<br \/>\n5. Twoje prawa<br \/>\n6. \u015arodki ochrony danych<\/li>\n<\/ol>\n<h2>1. Przegl\u0105d<\/h2>\n<p>Poni\u017csze instrukcje dotycz\u0105ce ochrony danych informuj\u0105 o rodzaju i zakresie przetwarzania tak z<strong>wanych danych osobowych<\/strong>. Dane osobowe to informacje, kt\u00f3re s\u0105 bezpo\u015brednio lub po\u015brednio przypisywane osobie mo\u017cna przypisa\u0107.<\/p>\n<p>Przetwarzanie danych z<strong>asadniczo mo\u017cna podzieli\u0107 na<\/strong> dwie kategorie:<\/p>\n<ul>\n<li>Po <strong>wywo\u0142aniu strony inte<\/strong>r<a href=\"http:\/\/www.gross-fredenwalde.de\/\">netowej www.Gross-fre<\/a>denwalde.de, r\u00f3\u017cne informacje s\u0105 wymieniane mi\u0119dzy urz\u0105dzeniem a naszym serwerem. Mo\u017ce to by\u0107 r\u00f3wnie\u017c dane osobowe. Zebrane w ten spos\u00f3b informacje s\u0105 Wykorzystywane do optymalizacji naszej strony internetow<strong>ej lub do wy\u015bw<\/strong>ietlania informacji w przegl\u0105darce terminalu.<\/li>\n<li>Wy\u0142\u0105cznie w celu przetwarzania kontraktu, wszystkie<strong> dane wymagane do realiz<\/strong>acji umowy b\u0119d\u0105 przetwarzane.<\/li>\n<\/ul>\n<p>\u00a0<\/p>\n<p>Zgodnie z wymogami DSGVO masz<strong> r\u00f3\u017cne prawa, k<\/strong>t\u00f3re mo\u017cna domaga\u0107 si\u0119 do nas. Obejmuj\u0105 one Prawo do <strong>odwo\u0142ania <\/strong>si\u0119 od wybranego przetwarzania danych, w szczeg\u00f3lno\u015bci przetwarzania danych w celach reklamowych. Mo\u017cliwo\u015b\u0107 sprzeczno\u015bci jest pod\u015bwietlona w zakresie technologii druku.<\/p>\n<p>\u00a0<\/p>\n<h2>2. Imi\u0119 i nazwisko oraz dane kontaktowe administratora i inspektora ochrony danych<\/h2>\n<p>Niniejsze informacje o ochronie danych maj\u0105 zastosowanie do przetwarzania danych<\/p>\n<p>U &amp; D Fugger<br \/>\nMiejsce Gro\u00df Fredenwalde 32a<\/p>\n<p>17268 Gerswalde<\/p>\n<p>\u00a0(&quot;osoba odpowiedzialna&quot;) oraz na nast\u0119puj\u0105cych stronach internetowych:<\/p>\n<ul>\n<li>https:\/\/www.Gross-fredenwalde.de\/<\/li>\n<\/ul>\n<p>\u00a0<\/p>\n<p>Inspektor ochrony danych jest Adres, do HD. Departament ochrony danych, Dost\u0119pn<a href=\"mailto:willkomme@gross-fredenwalde.de\">e pod adresem willkomme@gross-f<\/a>redenwalde.de.<\/p>\n<h2>3rd. cel\u00f3w przetwarzania danych, podstaw prawnych i uzasadnionych interes\u00f3w wobec strony trzeciej oraz kategorii beneficjent\u00f3w<\/h2>\n<h3>3,1. dost\u0119p do naszych stron internetowych<\/h3>\n<p>Podczas uzyskiwania dost\u0119pu do naszych stron internetowych, przegl\u0105darka, kt\u00f3ra jest u\u017cywana na urz\u0105dzeniu automatycznie wysy\u0142a informacje do serwera na naszej stronie internetowej i tymczasowo przechowuje go w tzw pliku dziennika. Tutaj nie mamy wp\u0142ywu. Nast\u0119puj\u0105ce informacje s\u0105 r\u00f3wnie\u017c rejestrowane bez interwencji u\u017cytkownika i przechowywane do czasu automatycznego usuni\u0119cia:<\/p>\n<ul>\n<li>Adres IP urz\u0105dzenia obs\u0142uguj\u0105cego Internet z \u017c\u0105daniem<\/li>\n<li>Data i godzina dost\u0119pu<\/li>\n<li>Nazwa i adres URL pobranego pliku<\/li>\n<li>Strona, z kt\u00f3rej dokonano dost\u0119pu (adres URL strony odsy\u0142aj\u0105cej)<\/li>\n<li>Przegl\u0105darki i w razie potrzeby u\u017cywasz. System operacyjny komputera obs\u0142uguj\u0105cego Internet i nazw\u0119 dostawcy dost\u0119pu<\/li>\n<\/ul>\n<p>Podstaw\u0105 prawn\u0105 prz<strong>etwarzania adresu I<\/strong>P jest artyku\u0142 6 (1) (f) DSGVO. Nasz uzasadniony interes wynika z cel\u00f3w gromadzenia danych wymienionych poni\u017cej. W tym momencie jest r\u00f3wnie\u017c wskazanie, \u017ce nie jeste\u015bmy w stanie wyci\u0105gn\u0105\u0107 wnioski na temat to\u017csamo\u015bci z zebranych danych i nie s\u0105 rysowane przez nas.<\/p>\n<p>Adres IP Twojego terminalu oraz inne dane wymienione powy\u017cej s\u0105 wykorzystywane przez nas <strong>w nast\u0119puj\u0105cyc<\/strong>h celach:<\/p>\n<ul>\n<li>Zapewnienie sprawnego po\u0142\u0105czenia<\/li>\n<li>Zapewnienie komfortowego korzystania z naszej strony internetowej<\/li>\n<li>Ocena bezpiecze\u0144stwa i stabilno\u015bci systemu, a tak\u017ce<br \/>\nInnych cel\u00f3w administracyjnych<\/li>\n<\/ul>\n<p>Dane s\u0105 anonimowe przez naszego dost<strong>awc\u0119, tak a<\/strong>by nie mo\u017cna by\u0142o wyci\u0105gn\u0105\u0107 wniosk\u00f3w o Twojej osobie. U\u017cywamy r\u00f3wnie\u017c tzw. cookies, narz\u0119dzi \u015bledz\u0105cych i wtyczek Social Media dla naszej strony internetowej. W celu okre\u015blenia, kt\u00f3re procedury s\u0105 dok\u0142adne i w jaki spos\u00f3b b\u0119d\u0105 wykorzystywane Twoje dane, patrz sekcja 3,4 poni\u017cej. Bardziej szczeg\u00f3\u0142owe.<\/p>\n<h3>3,2. zawarcie, wykonanie lub rozwi\u0105zanie umowy<\/h3>\n<h4>3.2.1. Przetwarzanie danych podczas zawarcia umowy<\/h4>\n<p>Przedmiotem dzia\u0142alno\u015bci jest upowszechnianie informacji na temat Uckermark, du\u017cych Fredenwalde i epoki kamienia, jak r\u00f3wnie\u017c kwalifikacje i obr\u00f3t ofertami turystyki l\u0105dowej i przyrodniczej. W tym kontek\u015bcie przetwarzamy dan<strong>e wymagane do zawarcia, wdro\u017cenia lub roz<\/strong>wi\u0105zania umowy. Nale\u017c\u0105 do nich:<\/p>\n<ul>\n<li>Imi\u0119, nazwisko<\/li>\n<li>Adres rozliczeniowy i dor\u0119czenia<\/li>\n<li>Adres e-mail<\/li>\n<li>Dane rozliczeniowe i p\u0142atno\u015bci<\/li>\n<li>Data urodzenia<\/li>\n<li>Numer telefonu<\/li>\n<\/ul>\n<p>Podstaw\u0105 prawn\u0105 tego przepisu jest art. 6 ust. 1 lit. b) DSGVO. W zakresie, w jakim nie wykorzystujemy Twoich danych kontaktowych w celach komercyjnych (patrz poni\u017cej 3,3.) zapisujemy dane zebrane w celu realizacji umowy, a\u017c do wyga\u015bni\u0119cia prawa lub Ewentualnych gwarancji umownych i praw gwarancyjnych. Na koniec tego okresu zachowujemy informacje o stosunku umownym wymaganym przez prawo handlowe i podatkowe w okresach okre\u015blonych przez prawo. W tym okresie (regularnie dziesi\u0119\u0107 lat od zawarcia umowy), dane b\u0119d\u0105 przetwarzane ponownie wy\u0142\u0105cznie w przypadku przegl\u0105du przez administracj\u0119 finansow\u0105.<\/p>\n<h4>3.2.2.\u00a0\u00a0\u00a0\u00a0 Wykorzystanie danych podczas rejestracji jako klient<\/h4>\n<p>Podczas tworzenia klienta\/Nutzerkontos, b\u0119dziemy przechowywa\u0107 Twoje imi\u0119, nazwisko, firm\u0119\/firm\u0119, adres, numer telefonu, adres e-mail oraz oferty i wnioski, kt\u00f3re da\u0142e\u015b zainteresowanie.<\/p>\n<h3>3,3. Przetwarzanie danych w celach reklamowych<\/h3>\n<h4>3.3.1. Cel\u00f3w reklamowych<\/h4>\n<p>Je\u015bli podpisa\u0142e\u015b umow\u0119 z nami, poprowadzimy Ci\u0119 jako istniej\u0105cego klienta. W takim przypadku przetw<strong>arzamy Twoje dane<\/strong> kontaktowe, poza niniejsz\u0105 umow\u0105, w celu wysy\u0142ania informacji o nowych produktach i us\u0142ugach w ten spos\u00f3b.<\/p>\n<h4>3.3.2. Reklama zorientowana na zainteresowania<\/h4>\n<p>W celu otrzymywania tylko interesuj\u0105cych Ci\u0119 informacji, klasyfikujemy i uzupe\u0142nia<strong>my profil klienta o d<\/strong>odatkowe informacje. Wykorzystuje zar\u00f3wno informacje statystyczne, jak i informacje o sobie (np. Podstawowe dane profilu klienta). Celem jest zapewnienie Pa\u0144stwu reklam opartych wy\u0142\u0105cznie na rzeczywistych lub rzekomych potrzeb i nie n\u0119ka\u0107 z niepotrzebnych reklam.<\/p>\n<p>Podstaw\u0105 prawn\u0105 wy\u017cej wymienionego przetwarzania jest artyku\u0142 6 (1) lit. f) DSGVO. Przetwarzanie istniej\u0105cych danych klienta w celach reklamowych lub Do cel\u00f3w reklamowych os\u00f3b trzecich nale\u017cy uzna\u0107 za uzasadniony interes.<\/p>\n<h4>3.3.3. Prawo do sprzeciwu<\/h4>\n<p><strong>W odniesieniu do przetwarzania danych do wy\u017cej wymienionych cel\u00f3w, mo\u017cna w ka\u017cdej chwili, dla danego kana\u0142u komunikacyjnego osobno i ze skutkiem dla przysz\u0142ego odwo\u0142ania. Wystarczy e-mail lub list pocztowy do poni\u017cej 1. wymienione dane kontaktowe.<\/strong><\/p>\n<p>W odniesieniu do odwo\u0142ania, adres kontaktowy zostanie zablokowany dla dalszego przetwarzania danych handlowych. Pragniemy zauwa\u017cy\u0107, \u017ce w wyj\u0105tkowych przypadkach, nawet po otrzymaniu sprzeciwu, mo\u017ce nast\u0105pi\u0142a wysy\u0142ka materia\u0142\u00f3w reklamowych. Jest to technicznie uwarunkowane i nie oznacza, \u017ce nie realizujemy Twojego sprzeciwu. Dzi\u0119kujemy za zrozumienie.<\/p>\n<h4>3.3.4. Newsletter<\/h4>\n<p>Na naszych stronach internetowych oferujemy mo\u017cliwo\u015b\u0107 zarejestrowan<strong>ia si\u0119 na <\/strong>newsletter. Po wpisaniu adresu e-mail w polu rejestracji wy\u015blemy Ci potwierdzenie. W ka\u017cdej chwili mo\u017cesz odwo\u0142a\u0107 swoj\u0105 wyra\u017con\u0105 zgod\u0119 ze skutkiem na p<strong>rzysz\u0142o\u015b\u0107<\/strong>. Kr\u00f3tka notatka przez e-mail do poni\u017cej 2 jest wystarczaj\u0105ca. Okre\u015blony adres e-mail.<\/p>\n<h3>3,4. Obecno\u015b\u0107 online i optymalizacja strony internetowej<\/h3>\n<h4>3.4.1. Cookies-informacje og\u00f3lne<\/h4>\n<p>U\u017cywamy tzw cookies na naszych stronach internetowych na podstawie artyku\u0142u 6 (1) (f) DSGVO. Nasze zainteresowanie optymalizacj\u0105 naszych stron internetowych ma by\u0107 uznane za uprawnione w rozumieniu wspomnianego przepisu. Ciasteczka to ma\u0142e pliki, kt\u00f3re przegl\u0105darka automatycznie tworzy i kt\u00f3re s\u0105 przechowywane na Twoim urz\u0105dzeniu (laptopie, tablecie, smartfonie itp.) podczas odwiedzania naszej strony. Pliki cookie nie uszkadzaj\u0105 urz\u0105dzenia, nie zawieraj\u0105 wirus\u00f3w, trojan\u00f3w ani innego z\u0142o\u015bliwego oprogramowania. Plik cookie jest u\u017cywany do przechowywania informacji zwi\u0105zanych z konkretnym urz\u0105dzeniem u\u017cywanym. Nie oznacza to jednak, \u017ce jeste\u015bmy natychmiast \u015bwiadomi Twojej to\u017csamo\u015bci. Korzystanie z ciasteczek s\u0142u\u017cy z jednej strony do korzystania z naszej oferty bardziej przyjemne dla Ciebie. Dlatego u\u017cywamy tak zwanych ciasteczek sesyjnych, aby rozpozna\u0107, \u017ce odwiedzi\u0142e\u015b ju\u017c poszczeg\u00f3lne strony naszej strony. Zostan\u0105 one usuni\u0119te automatycznie po opuszczeniu naszej strony. Ponadto stosujemy tymczasowe pliki cookie w celu ob<strong>s\u0142ugi u\u017cytko<\/strong>wnika, kt\u00f3re s\u0105 przechowywane w urz\u0105dzeniu przez okre\u015blony czas. Je\u015bli odwiedzasz nasz\u0105 stron\u0119 ponownie, aby skorzysta\u0107 z naszych us\u0142ug, automatycznie rozpoznamy, \u017ce jeste\u015b ju\u017c z nami i jakie wpisy i ustawienia dokonane tak, \u017ce nie trzeba wprowadza\u0107 je ponownie.<\/p>\n<p>Z drugiej strony, u\u017cywamy plik\u00f3w cookie do zarejestrowania korzysta<strong>nia z naszej witryny st<\/strong>atystycznie oraz do oceny jej w celu optymalizacji naszej oferty dla Ciebie, jak r\u00f3wnie\u017c do wy\u015bwietlania specjalnie dopasowanych informacji. Te pliki cookie pozwalaj\u0105 nam automatycznie rozpozna\u0107, \u017ce u\u017cytkownik zosta\u0142 ju\u017c z nami podczas odwiedzania naszej strony ponownie. Te pliki cookie s\u0105 automatycznie usuwane po okre\u015blonym czasie. Wi\u0119kszo\u015b\u0107 przegl\u0105darek akceptuje pliki cookie automatycznie. Mo\u017cna jednak skonfigurowa\u0107 przegl\u0105dark\u0119, aby nie przechowywa\u0142 plik\u00f3w cookie na komputerze lub zawsze wy\u015bwietla\u0142 komunikat przed utworzeniem nowego pliku cookie. Jednak ca\u0142kowite wy\u0142\u0105czenie plik\u00f3w cookie mo\u017ce spowodowa\u0107, \u017ce u\u017cytkownik nie b\u0119dzie m\u00f3g\u0142 korzysta\u0107 ze wszystkich funkcji naszej strony internetowej. Czas przechowywania ciasteczek zale\u017cy od ich przeznaczenia, a nie dla wszystkich.<\/p>\n<h4>3.4.2. Google Analytics<\/h4>\n<p>Korzystamy z Google Analytics, us\u0142ugi analityki internetowej firmy Google Inc. (&quot;Google&quot;) w celu projektowania i ci\u0105g\u0142ego optymalizowania naszych stron na podstawie artyku\u0142u 6 (1) (f) DSGVO. W tym kontek\u015bcie tworzone s<strong>\u0105 profile u\u017cytkowania pseudoni<\/strong>mem i u\u017cywane s\u0105 pliki cookie. Informacje generowane przez cookie na temat korzystania z tej strony internetowej, takie jak:<\/p>\n<ul>\n<li>Typ\/wersja przegl\u0105darki<\/li>\n<li>System operacyjny u\u017cywany<\/li>\n<li>Adres URL strony odsy\u0142aj\u0105cej (poprzednio odwiedzona strona)<\/li>\n<li>Nazwa hosta dost\u0119pu do komputera (adres IP)<\/li>\n<li>Czas \u017c\u0105dania serwera<\/li>\n<\/ul>\n<p>s\u0105 przenoszone na serwer Google w Stanach Zjednoczonych i tam przechowywane. Informacje s\u0105 wykorzystywane do oceny korzystania z witryny, do sporz\u0105dzania raport\u00f3w na temat dzia\u0142a\u0144 na stronie internetowej oraz do \u015bwiadczenia dalszych us\u0142ug zwi\u0105zanych z korzystaniem ze strony internetowej i Internetu do cel\u00f3w bada\u0144 rynkowych i Odpowiedni projekt tych stron internetowych. Informacje te mog\u0105 by\u0107 r\u00f3wnie\u017c przekazywane osobom trzecim, je\u017celi jest to wymagane przez prawo lub je\u017celi strony trzecie przetwarzaj\u0105 te dane w kolejno\u015bci. W \u017cadnym wypadku Tw\u00f3j adres IP nie zostanie scalony z innymi danymi z Google. Adresy IP s\u0105 anonimowe, dzi\u0119ki czemu przyp<strong>isanie nie jest mo\u017c<\/strong>liwe (tzw. maskowanie IP).<\/p>\n<p>U\u017cytkownik mo\u017ce uniemo\u017cliwi\u0107 instalacj\u0119 plik\u00f3w cookie przez odpowiednie ustawienie oprogr<strong>amowania p<\/strong>rzegl\u0105darki; Nale\u017cy jednak zauwa\u017cy\u0107, \u017ce w tym przypadku nie wszystkie funkcje tej strony internetowej mog\u0105 by\u0107 wykorzystane w ca\u0142o\u015bci. Mo\u017cna r\u00f3wnie\u017c rejestrowa\u0107 dane wygenerowane przez ciasteczka i zwi\u0105zane z korzystaniem ze strony internetowej (w tym Adres IP), jak r\u00f3wnie\u017c przetwarzanie tych danych przez Google pobieraj\u0105<a href=\"https:\/\/tools.google.com\/dlpage\/gaoptout?hl=de\">c i instaluj\u0105c te<\/a>n dodatek do przegl\u0105darki. Jako alternatyw\u0119 do dodatku do przegl\u0105darki, zw\u0142aszcza dla przegl\u0105darek na urz\u0105dzeniach mobilnych, mo\u017cna r\u00f3wnie\u017c uniemo\u017cliwi\u0107 przechwytywanie przez Google Analytics, <a href=\"https:\/\/www.proagro.de\/datenschutz\/#trigger-ga-optout\">klikaj\u0105c na<\/a> ten link. Cookie opt-out jest ustawiony, aby zapobiec przysz\u0142ego gromadzenia danych podczas odwiedzania tej strony. Cookie opt-out jest wa\u017cna tylko w tej przegl\u0105darce i tylko na naszej stronie internetowej i jest przechowywany w urz\u0105dzeniu. Je\u015bli usuniesz pliki cookie w tej przegl\u0105darce, musisz zresetowa\u0107 plik opt-out cookie. Wi\u0119cej informacji na temat prywatno\u015bci Google Analytics mo\u017cna znale\u017a\u0107 w witrynie <a href=\"https:\/\/support.google.com\/analytics\/answer\/6004245?hl=de\">sieci Web Google Analytics<\/a>.<\/p>\n<h4>3.4.3. Opcja sprzeciwu\/rezygnacji<\/h4>\n<p><strong>Mo\u017cesz u\u017cy\u0107 odpowiedniego ustawienia plik\u00f3w cookie w przegl\u0105darce, aby zapobiec opisanym technologiom analizy (patrz r\u00f3wnie\u017c 3.4.1).<\/strong><\/p>\n<h3>3,5. Inne us\u0142ugi<\/h3>\n<h4>3.5.1. Korzystanie z map Google<\/h4>\n<p>Ta strona u\u017cywa Google Maps, aby wy\u015bwietli\u0107 map\u0119 lokalizacji. Google Maps jest obs\u0142ugiwany przez Google Inc., 1600 amfiteatr Parkway, Mountain View, CA 94043, USA. Korzystaj\u0105c z tej witryny, u\u017cytkownik wyra\u017ca zgod\u0119 na gromadzenie, przetwarzanie i wykorzystywanie danych automatycznie gromadzonych i wprowadzonych przez Google, jednego z jego przedstawicieli lub zewn\u0119trznych dostawc\u00f3w.<\/p>\n<p>War<a href=\"http:\/\/www.google.com\/intl\/de_de\/help\/terms_maps.html\">unki korzystania z map Google mo<\/a>\u017cna znale\u017a\u0107 w warunkach korzystania z map Google. Szczeg\u00f3\u0142owe informacje mo\u017cna znale\u017a\u0107 w centrum prywatno\u015bci Go<a href=\"http:\/\/www.google.de\/intl\/de\/privacy\/\">ogle.de: przejrzysto\u015b\u0107 i wyb\u00f3<\/a>r oraz<a href=\"http:\/\/www.google.de\/intl\/de\/privacy\/privacy-policy.html\"> Polityka prywatno\u015bci<\/a>.<\/p>\n<h2>4th. Odbiorcy spoza UE<\/h2>\n<p>Z wyj\u0105tkiem poni\u017cszych 3,4. Przetwarzania danych, nie przekazujemy ich do odbiorc\u00f3w maj\u0105cych siedzib\u0119 poza Uni\u0105 Europejsk\u0105 lub Europejskim Obszarem Gospodarczym. Poni\u017cej 3,4. Przetwarzanie spowoduje przekazywanie danych do serwer\u00f3w dostawc\u00f3w technologii \u015bledz\u0105cych,<strong> kt\u00f3re powierzamy<\/strong>. Serwery te znajduj\u0105 si\u0119 w Stanach Zjednoczonych. Dane s\u0105 przekazywane zgodnie z zasadami tzw. Tarcza prywatno\u015b<strong>ci i na pods<\/strong>tawie tak zwanych standardowych klauzul umownych Komisji Europejskiej. Kopi\u0119 tych stan<strong>dardowych klauzul umow<\/strong>nych mo\u017cna uzyska\u0107 od nas. Prosz\u0119 wys\u0142a\u0107 list i opiecz\u0119towan\u0105 kopert\u0119 powrotn\u0105 na adres podany w pkt 2.<\/p>\n<h2>5. Twoje prawa<\/h2>\n<h3>5,1. Przegl\u0105d<\/h3>\n<p>Opr\u00f3cz prawa do cofni\u0119cia zgody udzielonej nam, u\u017cytkownik ma prawo do nast\u0119puj\u0105cych dodatkowych praw, je\u017celi spe\u0142nione s\u0105 odpowiednie wymagania prawne:<\/p>\n<ul>\n<li>Prawo do informacji o danych osobowych przechowywanych przez nas zgodnie z Artyku\u0142u. 15 DSGVO,<br \/>\n\u2022 Prawo do sprostowania nieprawid\u0142owych lub kompletnych poprawnych danych zgodnie z Artyku\u0142u. 16 DSGVO,<br \/>\n\u2022 Prawo do usuwania przechowywanych przez nas danych zgodnie z Artyku\u0142u. 17 DSGVO,<br \/>\n\u2022 Prawo do ograniczenia przetwarzania danych u\u017cytkownika zgodnie Artyku\u0142u. 18 DSGVO,<br \/>\n\u2022 Prawo do przekazywania danych zgodnie z Artyku\u0142u. 20 DSGVO.<\/li>\n<\/ul>\n<h3>5,2. Prawo do sprzeciwu<\/h3>\n<p><strong>Zgodnie z warunkami art. 21 ust. 1 DSGVO mo\u017ce by\u0107 przedmiotem przetwarzania danych z przyczyn wynikaj\u0105cych ze szczeg\u00f3lnej sytuacji danej osoby.<\/strong><\/p>\n<p>Powy\u017csze og\u00f3l<strong>ne prawo sprzeciwu ma zas<\/strong>tosowanie do wszystkich cel\u00f3w przetwarzania opisanych w niniejszej informacji o ochronie danych, kt\u00f3re s\u0105 przetwarzane na podstawie art. DSGVO. W odr\u00f3\u017cnieniu od szczeg\u00f3lnego prawa do sprzeciwu skierowanego na przetwarzanie danych w celach komercyjnych (por. 3.3.3 powy\u017cej), jeste\u015bmy zobowi\u0105zani jedynie po DSGVO do wdro\u017cenia takich og\u00f3lnych sprzeczno\u015bci, je\u015bli podasz nam powody Znaczenie (np. Potencjalne zagro\u017cenie dla \u017cycia lub zdrowia). Ponadto mo\u017cliwe jest skontaktowanie si\u0119 z organem nadzorczym odpowiedzialnym za Pro Agro, krajowy komisarz do ochrony danych i prawo wgl\u0105du do Brandenburgii.<\/p>\n<p><strong>Ostatnia a<\/strong>ktualizacja: May 2018<\/p>\n<p>\u00a0<\/p>\n<p>\u00a0<\/p>\n<\/div>\n<\/div>\n<\/div>\n<\/div>\n<div id=\"footer\">\u00a0<\/div>\n","protected":false},"excerpt":{"rendered":"<p>\u00a0 D. &amp; U. Fugger Miejsce Gro\u00df Fredenwalde 32a 17268 Gerswalde Kontakt: tel.: 039887\/697730 E-mail: Willkommen@gross-fredenwalde.de Odpowiedzialny za zawarto\u015b\u0107 zgodnie z \u00a7 55 ABS. 2, RStV: D. Fugger Miejsce Gro\u00df Fredenwalde 32a 17268 Gerswalde Tel.: 039887\/6967730 \u00a0 Zastrze\u017cenie Odpowiedzialno\u015b\u0107 za tre\u015b\u0107 jako dostawc\u0119 us\u0142ug jeste\u015bmy odpowiedzialni zgodnie z \u00a7 7 pkt 1 TMG za nasz\u0105 &hellip; <\/p>\n<p class=\"link-more\"><a href=\"https:\/\/www.gross-fredenwalde.de\/?page_id=1092&#038;lang=pl\" class=\"more-link\"><span class=\"screen-reader-text\">\u201eNadrukiem\u201c<\/span> weiterlesen<\/a><\/p>\n","protected":false},"author":1,"featured_media":0,"parent":0,"menu_order":20,"comment_status":"closed","ping_status":"closed","template":"","meta":{"_mi_skip_tracking":false,"ngg_post_thumbnail":0},"acf":[],"aioseo_notices":[],"_links":{"self":[{"href":"https:\/\/www.gross-fredenwalde.de\/index.php?rest_route=\/wp\/v2\/pages\/1092"}],"collection":[{"href":"https:\/\/www.gross-fredenwalde.de\/index.php?rest_route=\/wp\/v2\/pages"}],"about":[{"href":"https:\/\/www.gross-fredenwalde.de\/index.php?rest_route=\/wp\/v2\/types\/page"}],"author":[{"embeddable":true,"href":"https:\/\/www.gross-fredenwalde.de\/index.php?rest_route=\/wp\/v2\/users\/1"}],"replies":[{"embeddable":true,"href":"https:\/\/www.gross-fredenwalde.de\/index.php?rest_route=%2Fwp%2Fv2%2Fcomments&post=1092"}],"version-history":[{"count":0,"href":"https:\/\/www.gross-fredenwalde.de\/index.php?rest_route=\/wp\/v2\/pages\/1092\/revisions"}],"wp:attachment":[{"href":"https:\/\/www.gross-fredenwalde.de\/index.php?rest_route=%2Fwp%2Fv2%2Fmedia&parent=1092"}],"curies":[{"name":"wp","href":"https:\/\/api.w.org\/{rel}","templated":true}]}}