{"id":5,"date":"2017-07-11T11:16:53","date_gmt":"2017-07-11T11:16:53","guid":{"rendered":"http:\/\/test.steinzeit-ucki.de\/?page_id=5"},"modified":"2017-09-01T19:45:09","modified_gmt":"2017-09-01T19:45:09","slug":"steinzeit-ucki","status":"publish","type":"page","link":"https:\/\/www.gross-fredenwalde.de\/?page_id=5","title":{"rendered":"Uckis Mobile Steinzeitwerkstatt!"},"content":{"rendered":"<p>Der Geheimtipp f\u00fcr die Grundschulen der Uckermark. Lernen kann so viel Freude bereiten und Neugierde wecken. Mit Uckis Mobiler Steinzeitwerkstatt erleben Sch\u00fclerInnen hautnah, wie die Vorfahren lebten. F\u00fcnf Themenkisten machen die Mittelsteinzeitfunde aus Gro\u00df Fredenwalde lebendig.<\/p>\n<p><strong>Kiste 1 Uckis STEINZEIT &amp; die FORSCHER:<\/strong> War die Steinzeit steinreich? Wie werde ich Forscher? Was passiert bei Ausgrabungen? Buddeln und forschen macht Spa\u00df!<\/p>\n<p><strong>Kiste 2 Uckis STEINZEIT, das FEUER &amp; der SPEISEPLAN:<\/strong> Feuer ohne Feuerzeug? Mittelsteinzeit-Men\u00fc: Was sammle ich heute? Gab es bereits Zahnb\u00fcrsten und Steinzeit-Sprite?<\/p>\n<p><strong>Kiste 3 Uckis STEINZEIT &amp; die KULTUR (Kunst &amp; Schmuck):<\/strong> H\u00f6hlenbilder herstellen, Kunstwerke aus Ton kreieren, Schmuckanh\u00e4nger aus Tierz\u00e4hnen, Muscheln &amp; Schnecken fertigen.<\/p>\n<p><strong>Kiste 4 Uckis STEINZEIT &amp; die JAGD mit WAFFEN:<\/strong> Wie funktionieren die Waffen und Speere? Welche Strategie gab es? Wer wurde wie gejagt? Wo waren Mammut und S\u00e4belzahntiger?<\/p>\n<p><strong>Kiste 5 Uckis STEINZEIT &amp; die MODE:&nbsp;<\/strong> Mit Knochenahlen &amp; Knochennadeln geht es kreativ ans Leder. Ich fertige Zunderbeutel und n\u00e4he Kleidung mit echtem Steinzeitgarn.<\/p>\n","protected":false},"excerpt":{"rendered":"<p>Der Geheimtipp f\u00fcr die Grundschulen der Uckermark. Lernen kann so viel Freude bereiten und Neugierde wecken. Mit Uckis Mobiler Steinzeitwerkstatt erleben Sch\u00fclerInnen hautnah, wie die Vorfahren lebten. F\u00fcnf Themenkisten machen die Mittelsteinzeitfunde aus Gro\u00df Fredenwalde lebendig. Kiste 1 Uckis STEINZEIT &amp; die FORSCHER: War die Steinzeit steinreich? Wie werde ich Forscher? Was passiert bei Ausgrabungen? &hellip; <\/p>\n<p class=\"link-more\"><a href=\"https:\/\/www.gross-fredenwalde.de\/?page_id=5\" class=\"more-link\"><span class=\"screen-reader-text\">\u201eUckis Mobile Steinzeitwerkstatt!\u201c<\/span> weiterlesen<\/a><\/p>\n","protected":false},"author":1,"featured_media":0,"parent":0,"menu_order":0,"comment_status":"closed","ping_status":"closed","template":"","meta":{"_mi_skip_tracking":false,"ngg_post_thumbnail":0},"acf":[],"aioseo_notices":[],"_links":{"self":[{"href":"https:\/\/www.gross-fredenwalde.de\/index.php?rest_route=\/wp\/v2\/pages\/5"}],"collection":[{"href":"https:\/\/www.gross-fredenwalde.de\/index.php?rest_route=\/wp\/v2\/pages"}],"about":[{"href":"https:\/\/www.gross-fredenwalde.de\/index.php?rest_route=\/wp\/v2\/types\/page"}],"author":[{"embeddable":true,"href":"https:\/\/www.gross-fredenwalde.de\/index.php?rest_route=\/wp\/v2\/users\/1"}],"replies":[{"embeddable":true,"href":"https:\/\/www.gross-fredenwalde.de\/index.php?rest_route=%2Fwp%2Fv2%2Fcomments&post=5"}],"version-history":[{"count":17,"href":"https:\/\/www.gross-fredenwalde.de\/index.php?rest_route=\/wp\/v2\/pages\/5\/revisions"}],"predecessor-version":[{"id":635,"href":"https:\/\/www.gross-fredenwalde.de\/index.php?rest_route=\/wp\/v2\/pages\/5\/revisions\/635"}],"wp:attachment":[{"href":"https:\/\/www.gross-fredenwalde.de\/index.php?rest_route=%2Fwp%2Fv2%2Fmedia&parent=5"}],"curies":[{"name":"wp","href":"https:\/\/api.w.org\/{rel}","templated":true}]}}